{"id":30,"date":"2014-01-15T10:38:50","date_gmt":"2014-01-15T08:38:50","guid":{"rendered":"http:\/\/jennecken.de\/wordpress\/?page_id=30"},"modified":"2021-06-16T11:10:04","modified_gmt":"2021-06-16T09:10:04","slug":"jennecken-ortsbeauftragter","status":"publish","type":"page","link":"https:\/\/jennecken.de\/?page_id=30","title":{"rendered":"Ortsbeauftragter"},"content":{"rendered":"<p>Axel Peters<strong><br \/>\n<\/strong>Zur Heienharth 3 &#8211;\u00a051674 Wiehl &#8211;\u00a0Tel.: 02262 \/ 2967<br \/>\n<a href=\"mailto:ortsbeauftragter@jennecken.de\">ortsbeauftragter@jennecken.de<\/a><\/p>\n<p><strong><img loading=\"lazy\" decoding=\"async\" class=\"size-full wp-image-864 aligncenter\" src=\"https:\/\/jennecken.de\/wp-content\/uploads\/2014\/02\/Ortsbeauftragter.jpg\" alt=\"Ortsbeauftragter\" width=\"318\" height=\"189\" srcset=\"https:\/\/jennecken.de\/wp-content\/uploads\/2014\/02\/Ortsbeauftragter.jpg 318w, https:\/\/jennecken.de\/wp-content\/uploads\/2014\/02\/Ortsbeauftragter-300x178.jpg 300w\" sizes=\"auto, (max-width: 318px) 100vw, 318px\" \/><\/strong><\/p>\n<p><span style=\"text-decoration: underline;\">Zu den Aufgaben des Ortsbeauftragten geh\u00f6ren u. a.:<\/span><br \/>\nUnterrichtung der Stadtverwaltung \u00fcber:<br \/>\n&#8211; Ereignisse und Wahrnehmungen in seinem Bezirk<br \/>\n&#8211; Ehe- und Altersjubil\u00e4en von Einwohnern<br \/>\n&#8211; W\u00fcnsche, Anregungen und Beschwerden der Einwohner<br \/>\n&#8211; Missst\u00e4nde, Besch\u00e4digungen und M\u00fcllablagerungen an st\u00e4dtischen Einrichtungen<\/p>\n<p>Mitwirkung bei:<br \/>\n&#8211; der Versch\u00f6nerung des Ortsbildes (Hinwirkung auf Sauberkeit)<br \/>\n&#8211; Z\u00e4hlungen, Erhebungen, Ehe- und Altersjubil\u00e4en<\/p>\n<p>Der Ortsbeauftragte ist\u00a0<span style=\"text-decoration: underline;\">berechtigt Bescheinigungen auszustellen und Unterschriften zu beglaubigen<\/span>.\u00a0Weiter Informationen hierzu unter: <a href=\"http:\/\/www.wiehl.de\/ortsrecht\/\" target=\"_blank\" rel=\"noopener\">wiehl\/ortsrecht\u00a0\u2192<\/a><a href=\"http:\/\/www.wiehl.de\/ortsrecht\/\" target=\"_blank\" rel=\"noopener\"><span style=\"color: #000080;\"><br \/>\n<\/span><\/a><\/p>\n","protected":false},"excerpt":{"rendered":"<p>Axel Peters Zur Heienharth 3 &#8211;\u00a051674 Wiehl &#8211;\u00a0Tel.: 02262 \/ 2967 ortsbeauftragter@jennecken.de Zu den Aufgaben des Ortsbeauftragten geh\u00f6ren u. a.: Unterrichtung der Stadtverwaltung \u00fcber: &#8211; Ereignisse und Wahrnehmungen in seinem Bezirk &#8211; Ehe- und Altersjubil\u00e4en von Einwohnern &#8211; W\u00fcnsche, Anregungen und Beschwerden der Einwohner &#8211; Missst\u00e4nde, Besch\u00e4digungen und M\u00fcllablagerungen an st\u00e4dtischen Einrichtungen Mitwirkung bei: &#8211; &hellip; <\/p>\n<p class=\"link-more\"><a href=\"https:\/\/jennecken.de\/?page_id=30\" class=\"more-link\"><span class=\"screen-reader-text\">\u201eOrtsbeauftragter\u201c<\/span> weiterlesen<\/a><\/p>\n","protected":false},"author":1001002,"featured_media":0,"parent":74,"menu_order":4,"comment_status":"closed","ping_status":"closed","template":"","meta":{"footnotes":""},"class_list":["post-30","page","type-page","status-publish","hentry"],"_links":{"self":[{"href":"https:\/\/jennecken.de\/index.php?rest_route=\/wp\/v2\/pages\/30","targetHints":{"allow":["GET"]}}],"collection":[{"href":"https:\/\/jennecken.de\/index.php?rest_route=\/wp\/v2\/pages"}],"about":[{"href":"https:\/\/jennecken.de\/index.php?rest_route=\/wp\/v2\/types\/page"}],"author":[{"embeddable":true,"href":"https:\/\/jennecken.de\/index.php?rest_route=\/wp\/v2\/users\/1001002"}],"replies":[{"embeddable":true,"href":"https:\/\/jennecken.de\/index.php?rest_route=%2Fwp%2Fv2%2Fcomments&post=30"}],"version-history":[{"count":26,"href":"https:\/\/jennecken.de\/index.php?rest_route=\/wp\/v2\/pages\/30\/revisions"}],"predecessor-version":[{"id":4656,"href":"https:\/\/jennecken.de\/index.php?rest_route=\/wp\/v2\/pages\/30\/revisions\/4656"}],"up":[{"embeddable":true,"href":"https:\/\/jennecken.de\/index.php?rest_route=\/wp\/v2\/pages\/74"}],"wp:attachment":[{"href":"https:\/\/jennecken.de\/index.php?rest_route=%2Fwp%2Fv2%2Fmedia&parent=30"}],"curies":[{"name":"wp","href":"https:\/\/api.w.org\/{rel}","templated":true}]}}