{"id":491,"date":"2014-01-22T20:43:31","date_gmt":"2014-01-22T19:43:31","guid":{"rendered":"http:\/\/jennecken.de\/?page_id=491"},"modified":"2021-07-15T09:45:30","modified_gmt":"2021-07-15T07:45:30","slug":"schnueckelchen","status":"publish","type":"page","link":"https:\/\/jennecken.de\/?page_id=491","title":{"rendered":"Schn\u00fcckelchen"},"content":{"rendered":"<table>\n<tbody>\n<tr>\n<td width=\"614\"><img loading=\"lazy\" decoding=\"async\" class=\"alignleft size-full wp-image-496\" src=\"https:\/\/jennecken.de\/wp-content\/uploads\/2014\/01\/Ziegenballade.jpg\" alt=\"\" width=\"201\" height=\"80\" \/><\/td>\n<\/tr>\n<\/tbody>\n<\/table>\n<p>Hier verbergen sich lustige Beitr\u00e4ge und Geschichten. Auf platt sind datt &#8222;Schn\u00fcckelchen&#8220;!<\/p>\n<table>\n<tbody>\n<tr>\n<td width=\"307\"><a href=\"https:\/\/www.jennecken.de\/pdf\/Ziegenballade1.pdf\" target=\"_blank\" rel=\"noopener\"><img loading=\"lazy\" decoding=\"async\" class=\"alignleft wp-image-203\" src=\"https:\/\/jennecken.de\/wp-content\/uploads\/2014\/01\/pdf.jpg\" width=\"21\" height=\"25\" \/><\/a>Die Ziegenballade<\/td>\n<td width=\"307\"><a href=\"https:\/\/www.jennecken.de\/pdf\/Prinzenpaar.pdf\" target=\"_blank\" rel=\"noopener\"><img loading=\"lazy\" decoding=\"async\" class=\"alignleft wp-image-203\" src=\"https:\/\/jennecken.de\/wp-content\/uploads\/2014\/01\/pdf.jpg\" width=\"21\" height=\"25\" \/><\/a>Prinz Willi<\/td>\n<\/tr>\n<tr>\n<td width=\"307\"><a href=\"https:\/\/www.jennecken.de\/pdf\/Hahn.pdf\" target=\"_blank\" rel=\"noopener\"><img loading=\"lazy\" decoding=\"async\" class=\"alignleft wp-image-203\" src=\"https:\/\/jennecken.de\/wp-content\/uploads\/2014\/01\/pdf.jpg\" width=\"21\" height=\"25\" \/><\/a>Der lackierte Hahn<\/td>\n<td width=\"307\"><a href=\"https:\/\/www.jennecken.de\/pdf\/Watt.pdf\" target=\"_blank\" rel=\"noopener\"><img loading=\"lazy\" decoding=\"async\" class=\"alignleft wp-image-203\" src=\"https:\/\/jennecken.de\/wp-content\/uploads\/2014\/01\/pdf.jpg\" width=\"21\" height=\"25\" \/><\/a>Das W\u00f6rtchen &#8222;Watt&#8220;<\/td>\n<\/tr>\n<tr>\n<td width=\"307\"><a href=\"https:\/\/www.jennecken.de\/pdf\/dr Noopersch Pitter.pdf\" target=\"_blank\" rel=\"noopener\" data-wplink-url-error=\"true\"><img loading=\"lazy\" decoding=\"async\" class=\"alignleft wp-image-203\" src=\"https:\/\/jennecken.de\/wp-content\/uploads\/2014\/01\/pdf.jpg\" width=\"21\" height=\"25\" \/><\/a>D&#8217;r Noopersch Pitter <a href=\"https:\/\/jennecken.de\/wp-content\/uploads\/2014\/01\/Dr-Noopersch-Pitter.mp3\" target=\"_blank\" rel=\"noopener\"><img loading=\"lazy\" decoding=\"async\" class=\"wp-image-499 size-full alignnone\" src=\"https:\/\/jennecken.de\/wp-content\/uploads\/2014\/01\/lautsprecher.jpg\" alt=\"lautsprecher\" width=\"15\" height=\"14\" \/><\/a><\/td>\n<td width=\"307\"><\/td>\n<\/tr>\n<\/tbody>\n<\/table>\n","protected":false},"excerpt":{"rendered":"<p>Hier verbergen sich lustige Beitr\u00e4ge und Geschichten. Auf platt sind datt &#8222;Schn\u00fcckelchen&#8220;! Die Ziegenballade Prinz Willi Der lackierte Hahn Das W\u00f6rtchen &#8222;Watt&#8220; D&#8217;r Noopersch Pitter<\/p>\n","protected":false},"author":1001002,"featured_media":0,"parent":540,"menu_order":2,"comment_status":"closed","ping_status":"closed","template":"","meta":{"footnotes":""},"class_list":["post-491","page","type-page","status-publish","hentry"],"_links":{"self":[{"href":"https:\/\/jennecken.de\/index.php?rest_route=\/wp\/v2\/pages\/491","targetHints":{"allow":["GET"]}}],"collection":[{"href":"https:\/\/jennecken.de\/index.php?rest_route=\/wp\/v2\/pages"}],"about":[{"href":"https:\/\/jennecken.de\/index.php?rest_route=\/wp\/v2\/types\/page"}],"author":[{"embeddable":true,"href":"https:\/\/jennecken.de\/index.php?rest_route=\/wp\/v2\/users\/1001002"}],"replies":[{"embeddable":true,"href":"https:\/\/jennecken.de\/index.php?rest_route=%2Fwp%2Fv2%2Fcomments&post=491"}],"version-history":[{"count":21,"href":"https:\/\/jennecken.de\/index.php?rest_route=\/wp\/v2\/pages\/491\/revisions"}],"predecessor-version":[{"id":4681,"href":"https:\/\/jennecken.de\/index.php?rest_route=\/wp\/v2\/pages\/491\/revisions\/4681"}],"up":[{"embeddable":true,"href":"https:\/\/jennecken.de\/index.php?rest_route=\/wp\/v2\/pages\/540"}],"wp:attachment":[{"href":"https:\/\/jennecken.de\/index.php?rest_route=%2Fwp%2Fv2%2Fmedia&parent=491"}],"curies":[{"name":"wp","href":"https:\/\/api.w.org\/{rel}","templated":true}]}}