{"id":50,"date":"2014-01-15T11:17:51","date_gmt":"2014-01-15T09:17:51","guid":{"rendered":"http:\/\/jennecken.de\/wordpress\/?page_id=50"},"modified":"2023-01-09T08:54:54","modified_gmt":"2023-01-09T07:54:54","slug":"jennecken-dorfhaus","status":"publish","type":"page","link":"https:\/\/jennecken.de\/?page_id=50","title":{"rendered":"Dorfhaus"},"content":{"rendered":"<p>Dorfhaus Jennecken &#8211; Zum Weiher 1 &#8211; 51674 Wiehl<\/p>\n<p><img loading=\"lazy\" decoding=\"async\" class=\"aligncenter wp-image-168 size-full\" src=\"https:\/\/jennecken.de\/wp-content\/uploads\/2014\/01\/Dorfhaus1.jpg\" alt=\"Dorfhaus1\" width=\"468\" height=\"256\" srcset=\"https:\/\/jennecken.de\/wp-content\/uploads\/2014\/01\/Dorfhaus1.jpg 468w, https:\/\/jennecken.de\/wp-content\/uploads\/2014\/01\/Dorfhaus1-300x164.jpg 300w\" sizes=\"auto, (max-width: 468px) 100vw, 468px\" \/><\/p>\n<p>Unser Dorfhaus bietet Platz f\u00fcr maximal 50 Personen und kann von Vereinsmitgliedern f\u00fcr private Feiern gemietet werden. Es ist mit einer Einbauk\u00fcche incl. Geschirr und einer Theke mit Bierzapfanlage ausgestattet.<\/p>\n<p>Wir behalten uns dennoch vor Anfragen abzulehnen, wenn erfahrungsgem\u00e4\u00df eine zu gro\u00dfe L\u00e4rmbel\u00e4stigung f\u00fcr die Anwohner zu erwarten ist! Wir vermieten nicht an Jugendliche und nicht f\u00fcr Anl\u00e4sse wie Polterabende oder 18. Geburtstage! Parkm\u00f6glichkeiten sind nur in sehr begrenztem Umfang vorhanden.<\/p>\n<p>Die Kontaktdaten finden Sie <a href=\"https:\/\/jennecken.de\/?page_id=213\">&#8230;hier\u00a0\u00bb<\/a><\/p>\n","protected":false},"excerpt":{"rendered":"<p>Dorfhaus Jennecken &#8211; Zum Weiher 1 &#8211; 51674 Wiehl Unser Dorfhaus bietet Platz f\u00fcr maximal 50 Personen und kann von Vereinsmitgliedern f\u00fcr private Feiern gemietet werden. Es ist mit einer Einbauk\u00fcche incl. Geschirr und einer Theke mit Bierzapfanlage ausgestattet. Wir behalten uns dennoch vor Anfragen abzulehnen, wenn erfahrungsgem\u00e4\u00df eine zu gro\u00dfe L\u00e4rmbel\u00e4stigung f\u00fcr die Anwohner &hellip; <\/p>\n<p class=\"link-more\"><a href=\"https:\/\/jennecken.de\/?page_id=50\" class=\"more-link\"><span class=\"screen-reader-text\">\u201eDorfhaus\u201c<\/span> weiterlesen<\/a><\/p>\n","protected":false},"author":1001002,"featured_media":0,"parent":74,"menu_order":2,"comment_status":"closed","ping_status":"closed","template":"","meta":{"footnotes":""},"class_list":["post-50","page","type-page","status-publish","hentry"],"_links":{"self":[{"href":"https:\/\/jennecken.de\/index.php?rest_route=\/wp\/v2\/pages\/50","targetHints":{"allow":["GET"]}}],"collection":[{"href":"https:\/\/jennecken.de\/index.php?rest_route=\/wp\/v2\/pages"}],"about":[{"href":"https:\/\/jennecken.de\/index.php?rest_route=\/wp\/v2\/types\/page"}],"author":[{"embeddable":true,"href":"https:\/\/jennecken.de\/index.php?rest_route=\/wp\/v2\/users\/1001002"}],"replies":[{"embeddable":true,"href":"https:\/\/jennecken.de\/index.php?rest_route=%2Fwp%2Fv2%2Fcomments&post=50"}],"version-history":[{"count":25,"href":"https:\/\/jennecken.de\/index.php?rest_route=\/wp\/v2\/pages\/50\/revisions"}],"predecessor-version":[{"id":4890,"href":"https:\/\/jennecken.de\/index.php?rest_route=\/wp\/v2\/pages\/50\/revisions\/4890"}],"up":[{"embeddable":true,"href":"https:\/\/jennecken.de\/index.php?rest_route=\/wp\/v2\/pages\/74"}],"wp:attachment":[{"href":"https:\/\/jennecken.de\/index.php?rest_route=%2Fwp%2Fv2%2Fmedia&parent=50"}],"curies":[{"name":"wp","href":"https:\/\/api.w.org\/{rel}","templated":true}]}}