{"id":536,"date":"2014-01-22T23:42:16","date_gmt":"2014-01-22T22:42:16","guid":{"rendered":"http:\/\/jennecken.de\/?page_id=536"},"modified":"2021-12-11T13:42:45","modified_gmt":"2021-12-11T12:42:45","slug":"vereinsgeschichte-h","status":"publish","type":"page","link":"https:\/\/jennecken.de\/?page_id=536","title":{"rendered":"Geschichte"},"content":{"rendered":"\n<p>Informationen zur Vereinsgeschichte in Stichworten und aller Vorst\u00e4nde von der Gr\u00fcndung 1958 bis heute:<\/p>\n\n\n\n<figure class=\"wp-block-table\"><table><tbody><tr><td><a href=\"https:\/\/jennecken.de\/?page_id=44\"><img loading=\"lazy\" decoding=\"async\" class=\"size-full wp-image-2809 alignleft\" src=\"https:\/\/jennecken.de\/wp-content\/uploads\/2016\/03\/open....png\" alt=\"\" width=\"36\" height=\"32\"><\/a>Vereinsgeschichte in Stichworten<\/td><\/tr><tr><td><a href=\"https:\/\/jennecken.de\/?page_id=244\"><img loading=\"lazy\" decoding=\"async\" class=\"alignleft size-full wp-image-2809\" src=\"https:\/\/jennecken.de\/wp-content\/uploads\/2016\/03\/open....png\" alt=\"\" width=\"36\" height=\"32\"><\/a>Vorstandsmitglieder in \u00dcbersicht<\/td><\/tr><\/tbody><\/table><\/figure>\n","protected":false},"excerpt":{"rendered":"<p>Informationen zur Vereinsgeschichte in Stichworten und aller Vorst\u00e4nde von der Gr\u00fcndung 1958 bis heute: Vereinsgeschichte in Stichworten Vorstandsmitglieder in \u00dcbersicht<\/p>\n","protected":false},"author":1001002,"featured_media":0,"parent":38,"menu_order":2,"comment_status":"closed","ping_status":"closed","template":"","meta":{"footnotes":""},"class_list":["post-536","page","type-page","status-publish","hentry"],"_links":{"self":[{"href":"https:\/\/jennecken.de\/index.php?rest_route=\/wp\/v2\/pages\/536","targetHints":{"allow":["GET"]}}],"collection":[{"href":"https:\/\/jennecken.de\/index.php?rest_route=\/wp\/v2\/pages"}],"about":[{"href":"https:\/\/jennecken.de\/index.php?rest_route=\/wp\/v2\/types\/page"}],"author":[{"embeddable":true,"href":"https:\/\/jennecken.de\/index.php?rest_route=\/wp\/v2\/users\/1001002"}],"replies":[{"embeddable":true,"href":"https:\/\/jennecken.de\/index.php?rest_route=%2Fwp%2Fv2%2Fcomments&post=536"}],"version-history":[{"count":10,"href":"https:\/\/jennecken.de\/index.php?rest_route=\/wp\/v2\/pages\/536\/revisions"}],"predecessor-version":[{"id":4743,"href":"https:\/\/jennecken.de\/index.php?rest_route=\/wp\/v2\/pages\/536\/revisions\/4743"}],"up":[{"embeddable":true,"href":"https:\/\/jennecken.de\/index.php?rest_route=\/wp\/v2\/pages\/38"}],"wp:attachment":[{"href":"https:\/\/jennecken.de\/index.php?rest_route=%2Fwp%2Fv2%2Fmedia&parent=536"}],"curies":[{"name":"wp","href":"https:\/\/api.w.org\/{rel}","templated":true}]}}