{"id":566,"date":"2014-01-23T09:34:05","date_gmt":"2014-01-23T08:34:05","guid":{"rendered":"http:\/\/jennecken.de\/?page_id=566"},"modified":"2023-01-29T18:32:31","modified_gmt":"2023-01-29T17:32:31","slug":"unterstuetzung-des-vereins-1","status":"publish","type":"page","link":"https:\/\/jennecken.de\/?page_id=566","title":{"rendered":"Unterst\u00fctzung des Vereins"},"content":{"rendered":"\n<p>DANKE an alle, die unseren Verein unterst\u00fctzen!<\/p>\n\n\n\n<figure class=\"wp-block-table\"><table><tbody><tr><td><a href=\"https:\/\/www.vb-oberberg.de\/startseite.html\" target=\"_blank\" rel=\"noopener noreferrer\"><img decoding=\"async\" class=\"alignnone wp-image-101\" src=\"https:\/\/jennecken.de\/wp-content\/uploads\/2018\/10\/Volksbank.jpg\" alt=\"volksbank\" width=\"250\"><\/a><\/td><td><a href=\"https:\/\/www.haus-kranenberg.de\/\" target=\"_blank\" rel=\"noopener noreferrer\"><img decoding=\"async\" class=\"alignleft wp-image-3252\" src=\"https:\/\/jennecken.de\/wp-content\/uploads\/2018\/10\/HausKranenberg.jpg\" alt=\"\" width=\"250\"><\/a><\/td><\/tr><tr><td><img decoding=\"async\" class=\"alignnone wp-image-582\" src=\"https:\/\/jennecken.de\/wp-content\/uploads\/2018\/10\/Kraemer01.jpg\" alt=\"kraemer1\" width=\"250\"><\/td><td><a href=\"https:\/\/www.gsg-farben.de\/\" target=\"_blank\" rel=\"noopener noreferrer\"><img decoding=\"async\" class=\"alignnone wp-image-584\" src=\"https:\/\/jennecken.de\/wp-content\/uploads\/2018\/10\/GSGFarben.jpg\" alt=\"gsg1\" width=\"250\"><\/a><\/td><\/tr><tr><td><a href=\"https:\/\/www.sparkasse-gm.de\/de\/home.html\" target=\"_blank\" rel=\"noopener\"><img loading=\"lazy\" decoding=\"async\" class=\"aligncenter wp-image-4806\" src=\"https:\/\/jennecken.de\/wp-content\/uploads\/2022\/04\/sparkasse_gm.jpg\" alt=\"\" width=\"250\" height=\"83\" srcset=\"https:\/\/jennecken.de\/wp-content\/uploads\/2022\/04\/sparkasse_gm.jpg 322w, https:\/\/jennecken.de\/wp-content\/uploads\/2022\/04\/sparkasse_gm-300x100.jpg 300w\" sizes=\"auto, (max-width: 250px) 100vw, 250px\" \/><\/a><\/td><td><a href=\"https:\/\/www.muellerundveith.de\/\" target=\"_blank\" rel=\"noopener noreferrer\"><img decoding=\"async\" class=\"wp-image-3433 alignnone\" src=\"https:\/\/jennecken.de\/wp-content\/uploads\/2018\/10\/MuellerVeith.jpg\" alt=\"\" width=\"250\"><\/a><\/td><\/tr><tr><td><a href=\"https:\/\/www.vorl\u00e4nder-gartentechnik.de\/\" target=\"_blank\" rel=\"noopener noreferrer\"><img decoding=\"async\" class=\"size-full wp-image-3636 alignnone\" src=\"https:\/\/jennecken.de\/wp-content\/uploads\/2018\/10\/Vorlaender.jpg\" alt=\"\" width=\"250\"><\/a><\/td><td><a href=\"https:\/\/www.renault-schumacher.de\/\" target=\"_blank\" rel=\"noopener noreferrer\"><img decoding=\"async\" class=\"alignnone wp-image-577\" src=\"https:\/\/jennecken.de\/wp-content\/uploads\/2018\/10\/RenaultSchumacher.jpg\" alt=\"renault_schumacher_210\" width=\"250\"><\/a><\/td><\/tr><tr><td><a href=\"https:\/\/steuerberater-om.de\/\" target=\"_blank\" rel=\"noopener noreferrer\"><img decoding=\"async\" class=\"size-full wp-image-3636 alignnone\" src=\"https:\/\/jennecken.de\/wp-content\/uploads\/2023\/01\/MMF.jpg\" alt=\"\" width=\"250\"><\/a><\/td><td><\/td><\/tr><\/tbody><\/table><\/figure>\n\n\n\n<p>Wenn Sie unseren Verein ebenfalls unterst\u00fctzen m\u00f6chten, <a title=\"Kontakt \u2013 Homepage\" href=\"https:\/\/jennecken.de\/?page_id=224\">kontaktieren<\/a> Sie uns!<br>Wenn Sie eine Spende an unseren Verein t\u00e4tigen m\u00f6chten:<\/p>\n\n\n\n<p>Volksbank Oberberg:<br>IBAN: DE 73 3846 2135 0201 7280 10 BIC: GENODED1WIL<br>Sparkasse Wiehl:<br>IBAN: DE 25 3845 2490 0001 0109 66 BIC: WELADED1WIE<\/p>\n\n\n\n<p>Eine Spendenbescheinigung wird Ihnen umgehend zugestellt.<\/p>\n\n\n\n<p><a href=\"#top\">\u2191 zum Seitenanfang<\/a><\/p>\n","protected":false},"excerpt":{"rendered":"<p>DANKE an alle, die unseren Verein unterst\u00fctzen! Wenn Sie unseren Verein ebenfalls unterst\u00fctzen m\u00f6chten, kontaktieren Sie uns!Wenn Sie eine Spende an unseren Verein t\u00e4tigen m\u00f6chten: Volksbank Oberberg:IBAN: DE 73 3846 2135 0201 7280 10 BIC: GENODED1WILSparkasse Wiehl:IBAN: DE 25 3845 2490 0001 0109 66 BIC: WELADED1WIE Eine Spendenbescheinigung wird Ihnen umgehend zugestellt. \u2191 zum Seitenanfang<\/p>\n","protected":false},"author":1001002,"featured_media":0,"parent":38,"menu_order":4,"comment_status":"closed","ping_status":"closed","template":"","meta":{"footnotes":""},"class_list":["post-566","page","type-page","status-publish","hentry"],"_links":{"self":[{"href":"https:\/\/jennecken.de\/index.php?rest_route=\/wp\/v2\/pages\/566","targetHints":{"allow":["GET"]}}],"collection":[{"href":"https:\/\/jennecken.de\/index.php?rest_route=\/wp\/v2\/pages"}],"about":[{"href":"https:\/\/jennecken.de\/index.php?rest_route=\/wp\/v2\/types\/page"}],"author":[{"embeddable":true,"href":"https:\/\/jennecken.de\/index.php?rest_route=\/wp\/v2\/users\/1001002"}],"replies":[{"embeddable":true,"href":"https:\/\/jennecken.de\/index.php?rest_route=%2Fwp%2Fv2%2Fcomments&post=566"}],"version-history":[{"count":48,"href":"https:\/\/jennecken.de\/index.php?rest_route=\/wp\/v2\/pages\/566\/revisions"}],"predecessor-version":[{"id":4904,"href":"https:\/\/jennecken.de\/index.php?rest_route=\/wp\/v2\/pages\/566\/revisions\/4904"}],"up":[{"embeddable":true,"href":"https:\/\/jennecken.de\/index.php?rest_route=\/wp\/v2\/pages\/38"}],"wp:attachment":[{"href":"https:\/\/jennecken.de\/index.php?rest_route=%2Fwp%2Fv2%2Fmedia&parent=566"}],"curies":[{"name":"wp","href":"https:\/\/api.w.org\/{rel}","templated":true}]}}